3 = 4*s. Let g = 199 - h. What is the hundreds digit of g?
2
Suppose -593262 = -71*n + 346352 - 23572. What is the ten thousands digit of n?
1
Let b = 278 + 1701. What is the tens digit of b?
7
Let c be -2*1*(56/(-16) + 0). What is the tens digit of 2 + -1 + 465 + c?
7
Let w(r) = 3*r**2 - 6*r - 2. Let h be w(3). What is the hundreds digit of 9/18*(-7)/(h/(-1156))?
5
Suppose -2*j + 0*j = -790. Suppose 2*d = -3*d + j. Suppose 2*g = 7 + d. What is the units digit of g?
3
Suppose 3*u - 4*f - 31 + 3 = 0, -2*u - 4*f + 12 = 0. What is the hundreds digit of u/(-12)*(-5676)/8?
4
What is the hundreds digit of (36702/(-324)*6)/(1/(-9))?
1
Let u = -262 + 491. Suppose -3*w - z - 309 = 43, -5*z = w + 108. Let q = u + w. What is the units digit of q?
1
Let k = 52 + -15. Let q = k + -34. What is the units digit of (-23)/(-2) - q/2?
0
Suppose -3 = 5*c - 3*d, 5*c - 3 = -d - 2. Let j(q) be the second derivative of q**3/2 + 38*q**2 - 61*q. What is the units digit of j(c)?
6
Let g = 31 - 18. Let r = g + -13. Let j(h) = -h**2 + h + 78. What is the units digit of j(r)?
8
Let u(w) = -w**3 - 19*w**2 - 69*w + 18. Let i be u(-14). Suppose 0 = -13*c + i*c + 1206. What is the hundreds digit of c?
1
Let h = 1027 + -599. Suppose -r = -4*g - h, r - 3*g - 418 = -g. Suppose -83 = 5*q - r. What is the units digit of q?
5
What is the thousands digit of (-3)/84*7*-21676?
5
Suppose 553443 = 2117*h - 2086*h. What is the ten thousands digit of h?
1
Let g(i) = -43*i - 38. Let k be 14/(-70) - (-138)/(-10). What is the hundreds digit of g(k)?
5
Let a(j) = j**3 + 3*j**2 + 6*j + 5. Let h be a(-4). Let z = 108 + -101. What is the units digit of 58/2 - z/(h/(-15))?
6
Let l(k) = 1511*k - 894. What is the units digit of l(22)?
8
Let s be 1/(-2 - 6/(-4)). Let h be s*(3 - 3 - -2). What is the units digit of -2 - (-1)/(h/(-256))?
2
Let c = -5576 - -17435. What is the ten thousands digit of c?
1
Suppose 2*f - 11 = -2*q + q, -5*q = -3*f - 3. Suppose -1 = -x + q. Suppose x*k = 10*k - 1278. What is the hundreds digit of k?
2
Suppose -4029*g - 2482886 = -4096*g. What is the units digit of g?
8
Let z(r) = 2*r + 6. Let a be z(-2). Suppose a*i - 2*p = 10 + 2, 12 = 2*i + p. What is the units digit of (-375)/(-50)*44/i?
5
Suppose -4*x + 4*d = -7*x + 324, -2*x + 211 = d. Suppose -5*c = -9*c + x. Suppose 3*m + k - 48 = -9, -2*m + c = 2*k. What is the tens digit of m?
1
Suppose -16 - 24 = 4*z. Let j = z - 7. What is the tens digit of (j/(-34))/((-173)/(-86) - 2)?
4
Let x = 138 - 125. Let a(n) = -n**3 + 14*n**2 + n - 18. Let w be a(x). Suppose 2*j - 6*j + w = 0. What is the tens digit of j?
4
Suppose d - i = -4*d + 3671, -4*d - 5*i + 2931 = 0. What is the hundreds digit of d?
7
Let p(c) = 20*c**3 - 40*c**2 + 352*c - 15. What is the units digit of p(11)?
7
Let p = 8 + -5. Let s be -12*((-60)/(-9))/(-4). Suppose -t = p*q + 6 - s, 4*q + 38 = 2*t. What is the units digit of t?
7
Let p be 247/5 - (28/20 + -1). Let h = -47 + p. Suppose 3*a - 511 = -5*k + h*a, a = 1. What is the units digit of k?
2
Let m = -17072 - -32246. What is the units digit of m?
4
Let g be (-339)/(-7) - (-20)/35. Let x = g - 48. What is the hundreds digit of (-241)/(-4 + 2 + x)?
2
Suppose 282 = -7*f + f. Let c = 35 - f. Suppose k - c = -0*k. What is the tens digit of k?
8
Let a(f) = f**3 - 18*f**2 - 220*f - 119. What is the tens digit of a(30)?
8
Let y be 3/((1/(-1))/(-7 + 8)). Let o be (y - -4)/(2/6). Suppose 0*j + 2*j = -o*k + 281, -2*j + 95 = k. What is the units digit of k?
3
Suppose 5*m = 5*j - 4*j + 691, j = -4*m + 551. Let l = m + 1170. What is the thousands digit of l?
1
What is the tens digit of (-8)/((-96)/106956) - 3/((-6)/2)?
1
Suppose -4*x + 10168 = -8*t, 0*t = 4*x + 5*t - 10155. Suppose 4*c = 4876 + x. What is the tens digit of c?
5
Let i = -8 - -6. Let p = i - 200. Let g = -111 - p. What is the tens digit of g?
9
Let x(c) = -19*c + 31 - 5*c + 5*c - 10*c. What is the hundreds digit of x(-5)?
1
Let u be (0 - -2)*316*1/2. Suppose u - 19101 = -13*i. What is the hundreds digit of i?
4
Let g(k) = -3096*k - 33. What is the hundreds digit of g(-2)?
1
What is the ten thousands digit of (-1)/((-7549164)/(-580706) + -13)?
4
Suppose -5*o - 2*n + 8 = 0, 3*o = -o + 5*n - 20. What is the hundreds digit of (-2835 + o)/(-7) - -1?
4
Let t(x) be the third derivative of -11/6*x**3 - 8*x**2 + 0*x - 1/120*x**6 - 5/24*x**4 + 1/6*x**5 + 0. What is the units digit of t(5)?
9
Suppose 19*a + 3*a = 4*a. Suppose 2*x - 174 = 2*i, a*x + 3*i = 2*x - 178. What is the units digit of x?
3
Let x(q) = -1404*q**3 + 10*q**2 - 9. What is the thousands digit of x(-3)?
7
Suppose 374268 = 10*k + 2*k. What is the units digit of k?
9
Suppose -303*h + 944 = -301*h. Suppose -j - k + 60 = -35, h = 5*j + 4*k. What is the units digit of j?
2
Let o(v) = 1193*v - 44. What is the units digit of o(2)?
2
Let j(h) = -h**3 + 13*h**2 + 3*h - 22. Let t be j(13). Suppose t*x = 13*x + 856. What is the tens digit of x?
1
Let h(s) = s**3 - 6*s**2 - 3*s - 24. Let c be h(7). Let i be -516*(c/14 + 26/(-42)). Let u = i + 19. What is the tens digit of u?
9
Suppose 0 = -5*l + 6*l - 3*f - 3401, 0 = f - 4. What is the hundreds digit of l?
4
Let b(q) = 267*q**2 + 232*q + 2028. What is the tens digit of b(-9)?
6
Let k(u) = 393*u**2 - 47*u - 91. What is the tens digit of k(-2)?
7
Suppose 0 = -n + 255 + 1134. Let z = n + -910. What is the hundreds digit of z?
4
Suppose -37 = d - 4*o, 3*d + 10*o - 6*o + 63 = 0. Let n = d + 33. Let l(i) = i**2 + i + 7. What is the tens digit of l(n)?
7
What is the hundreds digit of 133749/(-22)*6*(-8)/6?
6
Suppose 4*d - 15 = -d. Suppose d*i + 36 = 15*i. Suppose 4*g + 4*q - 360 = 0, 4*g - 367 = -0*g + i*q. What is the tens digit of g?
9
Suppose -14*x + 16404 + 21321 = -17869. What is the hundreds digit of x?
9
Let c = 3859 - 3523. Suppose 2*z - 5*z = -3. What is the units digit of (c/(-16))/(z/(-3))?
3
Let a be 1 - (-18)/(-14) - 4916/(-7). What is the hundreds digit of a/4*((-52)/(-12) - 3)?
2
Suppose 28*g - 46018 = 18*g + 7952. What is the units digit of g?
7
Suppose 3*l - 5*a - 43019 = 0, -27434 - 15576 = -3*l - 4*a. What is the tens digit of l?
3
Let b(f) = -577*f**3 - f**2 + 2*f + 4. Let t be b(-1). Suppose -128 = 9*x - t. What is the tens digit of x?
5
Suppose 0 = 2*o + 2*o - 2*x - 28, 5*x + 20 = 0. Let s = -1569 + 1575. Suppose s*n - n + 3*v - 130 = 0, 5*n = -o*v + 120. What is the units digit of n?
9
Let h = 54 + 59. Let w = 318 - h. Suppose 2*i - 540 = -5*d, w = 2*d + 2*i + i. What is the tens digit of d?
1
Suppose 5*p + 281 = -259. Let r = p + 65. Let j = 49 + r. What is the units digit of j?
6
Let f(r) = -13*r**2 + 2*r - 18. Let h(x) = 12*x**2 - x + 17. Let w be (2 - 6) + (-11)/(-1). Let v(q) = w*h(q) + 6*f(q). What is the units digit of v(-4)?
7
Suppose -907*l = -903*l - 1356. What is the tens digit of ((-8)/(-6))/(1/l) + -5?
4
Let n = -217 + 180. Let l = 120 - n. What is the tens digit of l?
5
Let m(l) = l**3 + 22*l**2 - 2*l - 44. Let x be m(-22). Suppose -7*z + 14*z - 5173 = x. What is the hundreds digit of z?
7
Let r(t) = t**3 - 167*t**2 - 454*t - 1156. What is the units digit of r(172)?
6
Let a(y) = 49*y**2 - 3*y + 28. Let o(j) = -25*j**2 + j - 14. Let m(g) = -2*a(g) - 5*o(g). What is the units digit of m(-5)?
4
Suppose 0 = -35*n + 12499 + 117316. What is the units digit of n?
9
Suppose 6176 + 244 = 15*f. Suppose -12*h + 11*h = -f. Suppose -s = -3*s + h. What is the tens digit of s?
1
Let s = 34 + -24. Let x(j) = -15*j + 26. Let k(p) = -14*p + 29. Let c(a) = 5*k(a) - 6*x(a). What is the hundreds digit of c(s)?
1
Let v(k) be the second derivative of 7*k**6/720 - 3*k**5/40 - 13*k**4/12 + 15*k. Let a(m) be the third derivative of v(m). What is the tens digit of a(8)?
4
Let m be 1 + -1 + 2/4 + (-7316)/248. Let b(w) = -w**3 - 2*w**2 - 3*w - 1. Let x be b(-4). Let g = m + x. What is the units digit of g?
4
What is the tens digit of ((-36)/(-10) - 3)/(1/(3 + 39062))?
3
Let m = 5 - 1. Let p be 0*(-2)/m - (-245)/5. Let u = p - 17. What is the tens digit of u?
3
Suppose 0 = -2*m - 10, 5*v + 3100 = -6*m + 2*m. Let l = 707 + v. What is the units digit of l?
1
Suppose 0 = -15*x + 457778 - 97974 + 190276. What is the tens digit of x?
7
Let q(r) = 7*r - 21. Let y(v) = -6*v - 14*v + 26*v - 20. Let p(t) = 2*q(t) - 3*y(t). What is the units digit of p(0)?
8
Let y(m) =